{"id":2689,"date":"2024-02-05T11:37:06","date_gmt":"2024-02-05T10:37:06","guid":{"rendered":"https:\/\/www.dahms-projekt.de\/wordpress\/wp-content\/uploads\/2024\/02\/RUSALKA_OHP-9165_420x240-1.jpg"},"modified":"2024-02-05T11:37:11","modified_gmt":"2024-02-05T10:37:11","slug":"rusalka_ohp-9165_420x240-2","status":"inherit","type":"attachment","link":"https:\/\/www.dahms-projekt.de\/wordpress\/2024\/02\/05\/premiere-rusalka\/rusalka_ohp-9165_420x240-2\/","title":{"rendered":"RUSALKA_OHP-9165_420x240"},"author":1,"featured_media":0,"comment_status":"closed","ping_status":"closed","template":"","meta":[],"class_list":["post-2689","attachment","type-attachment","status-inherit","hentry"],"description":{"rendered":"<p class=\"attachment\"><a href='https:\/\/www.dahms-projekt.de\/wordpress\/wp-content\/uploads\/2024\/02\/RUSALKA_OHP-9165_420x240-1.jpg'><img loading=\"lazy\" decoding=\"async\" width=\"300\" height=\"171\" src=\"https:\/\/www.dahms-projekt.de\/wordpress\/wp-content\/uploads\/2024\/02\/RUSALKA_OHP-9165_420x240-1-300x171.jpg\" class=\"attachment-medium size-medium\" alt=\"\" srcset=\"https:\/\/www.dahms-projekt.de\/wordpress\/wp-content\/uploads\/2024\/02\/RUSALKA_OHP-9165_420x240-1-300x171.jpg 300w, https:\/\/www.dahms-projekt.de\/wordpress\/wp-content\/uploads\/2024\/02\/RUSALKA_OHP-9165_420x240-1-150x86.jpg 150w, https:\/\/www.dahms-projekt.de\/wordpress\/wp-content\/uploads\/2024\/02\/RUSALKA_OHP-9165_420x240-1.jpg 420w\" sizes=\"auto, (max-width: 300px) 100vw, 300px\" \/><\/a><\/p>\n"},"caption":{"rendered":"<p>Staatsoper Unter den Linden<br \/>\n&#8218;RUSALKA&#8216;, Lyrisches M\u00e4rchen in drei Akten, Musik von Anton\u00edn Dvo\u0159\u00e1k Text von Jaroslav Kvapil. Musikalische Leitung  Robin Ticciati, Inszenierung Korn\u00e9l Mundrucz\u00f3, B\u00fchnenbild und Kost\u00fcme Monika Pormale, Video R\u016bdolfs Balti\u0146\u0161, Licht Felice Ross, Choreographie Canda\u015f Ba\u015f.<br \/>\nMit: Christiane Karg (Rusalka), Pavel \u010cernoch (Prinz), Anna Samuil (Fremde F\u00fcrstin), Mika Kares (Wassermann), Anna Kissjudit (Jezibaba), Adam Kutny (Heger), Clara Nadeshdin (K\u00fcchenjunge), Regina Koncz , Rebecka Wallroth , Ekaterina Chayka-Rubinstein (drei Elfen), Taehan Kim (J\u00e4ger).<br \/>\nPremiere am 4. Februar 2024.<\/p>\n"},"alt_text":"","media_type":"image","mime_type":"image\/jpeg","media_details":{"width":420,"height":240,"file":"2024\/02\/RUSALKA_OHP-9165_420x240-1.jpg","filesize":57895,"sizes":{"medium":{"file":"RUSALKA_OHP-9165_420x240-1-300x171.jpg","width":300,"height":171,"filesize":42279,"mime_type":"image\/jpeg","source_url":"https:\/\/www.dahms-projekt.de\/wordpress\/wp-content\/uploads\/2024\/02\/RUSALKA_OHP-9165_420x240-1-300x171.jpg"},"thumbnail":{"file":"RUSALKA_OHP-9165_420x240-1-150x86.jpg","width":150,"height":86,"filesize":31671,"mime_type":"image\/jpeg","source_url":"https:\/\/www.dahms-projekt.de\/wordpress\/wp-content\/uploads\/2024\/02\/RUSALKA_OHP-9165_420x240-1-150x86.jpg"},"news-portal-block-medium":{"file":"RUSALKA_OHP-9165_420x240-1-305x207.jpg","width":305,"height":207,"filesize":44067,"mime_type":"image\/jpeg","source_url":"https:\/\/www.dahms-projekt.de\/wordpress\/wp-content\/uploads\/2024\/02\/RUSALKA_OHP-9165_420x240-1-305x207.jpg"},"news-portal-block-thumb":{"file":"RUSALKA_OHP-9165_420x240-1-136x102.jpg","width":136,"height":102,"filesize":31650,"mime_type":"image\/jpeg","source_url":"https:\/\/www.dahms-projekt.de\/wordpress\/wp-content\/uploads\/2024\/02\/RUSALKA_OHP-9165_420x240-1-136x102.jpg"},"news-portal-carousel-portrait":{"file":"RUSALKA_OHP-9165_420x240-1-400x240.jpg","width":400,"height":240,"filesize":53868,"mime_type":"image\/jpeg","source_url":"https:\/\/www.dahms-projekt.de\/wordpress\/wp-content\/uploads\/2024\/02\/RUSALKA_OHP-9165_420x240-1-400x240.jpg"},"news-portal-alternate-grid":{"file":"RUSALKA_OHP-9165_420x240-1-340x240.jpg","width":340,"height":240,"filesize":49769,"mime_type":"image\/jpeg","source_url":"https:\/\/www.dahms-projekt.de\/wordpress\/wp-content\/uploads\/2024\/02\/RUSALKA_OHP-9165_420x240-1-340x240.jpg"},"full":{"file":"RUSALKA_OHP-9165_420x240-1.jpg","width":420,"height":240,"mime_type":"image\/jpeg","source_url":"https:\/\/www.dahms-projekt.de\/wordpress\/wp-content\/uploads\/2024\/02\/RUSALKA_OHP-9165_420x240-1.jpg"}},"image_meta":{"aperture":"0","credit":"Gianmarco Bresadola","camera":"","caption":"Staatsoper Unter den Linden\r'RUSALKA', Lyrisches M\u00e4rchen in drei Akten, Musik von Anton\u00edn Dvo\u0159\u00e1k Text von Jaroslav Kvapil. Musikalische Leitung  Robin Ticciati, Inszenierung Korn\u00e9l Mundrucz\u00f3, B\u00fchnenbild und Kost\u00fcme Monika Pormale, Video R\u016bdolfs Balti\u0146\u0161, Licht Felice Ross, Choreographie Canda\u015f Ba\u015f. \rMit: Christiane Karg (Rusalka), Pavel \u010cernoch (Prinz), Anna Samuil (Fremde F\u00fcrstin), Mika Kares (Wassermann), Anna Kissjudit (Jezibaba), Adam Kutny (Heger), Clara Nadeshdin (K\u00fcchenjunge), Regina Koncz , Rebecka Wallroth , Ekaterina Chayka-Rubinstein (drei Elfen), Taehan Kim (J\u00e4ger). \rPremiere am 4. Februar 2024.","created_timestamp":"0","copyright":"\u00a9 Gianmarco Bresadola\nNutzung ausschliesslich gegen Honorar (+MwSt.) bei Urhebervermerk und Beleg.\nRights-Managed - any use of this image is subject to a royalty payment according to our standard terms and conditions\nBankverbindung, Bank account: \nGianmarco Bresadola Banchelli\nBerliner Sparkasse, BLZ\u00a010050000, Konto\u00a06011750310\nIBAN: DE39100500006011750310BIC-\/SWIFT-: BELADEBEXXX\nSteuerNr.: 31\/241\/62286 - IdNr. 98 901 367 549.","focal_length":"0","iso":"0","shutter_speed":"0","title":"","orientation":"0","keywords":[]}},"post":2685,"source_url":"https:\/\/www.dahms-projekt.de\/wordpress\/wp-content\/uploads\/2024\/02\/RUSALKA_OHP-9165_420x240-1.jpg","_links":{"self":[{"href":"https:\/\/www.dahms-projekt.de\/wordpress\/wp-json\/wp\/v2\/media\/2689","targetHints":{"allow":["GET"]}}],"collection":[{"href":"https:\/\/www.dahms-projekt.de\/wordpress\/wp-json\/wp\/v2\/media"}],"about":[{"href":"https:\/\/www.dahms-projekt.de\/wordpress\/wp-json\/wp\/v2\/types\/attachment"}],"author":[{"embeddable":true,"href":"https:\/\/www.dahms-projekt.de\/wordpress\/wp-json\/wp\/v2\/users\/1"}],"wp:attached-to":[{"embeddable":true,"post_type":"post","id":2685,"href":"https:\/\/www.dahms-projekt.de\/wordpress\/wp-json\/wp\/v2\/posts\/2685"}],"curies":[{"name":"wp","href":"https:\/\/api.w.org\/{rel}","templated":true}]}}

<p>Staatsoper Unter den Linden<br />
&#8218;RUSALKA&#8216;, Lyrisches Märchen in drei Akten, Musik von Antonín Dvořák Text von Jaroslav Kvapil. Musikalische Leitung  Robin Ticciati, Inszenierung Kornél Mundruczó, Bühnenbild und Kostüme Monika Pormale, Video Rūdolfs Baltiņš, Licht Felice Ross, Choreographie Candaş Baş.<br />
Mit: Christiane Karg (Rusalka), Pavel Černoch (Prinz), Anna Samuil (Fremde Fürstin), Mika Kares (Wassermann), Anna Kissjudit (Jezibaba), Adam Kutny (Heger), Clara Nadeshdin (Küchenjunge), Regina Koncz , Rebecka Wallroth , Ekaterina Chayka-Rubinstein (drei Elfen), Taehan Kim (Jäger).<br />
Premiere am 4. Februar 2024.</p>

Staatsoper Unter den Linden'RUSALKA', Lyrisches Märchen in drei Akten, Musik von Antonín Dvořák Text von Jaroslav Kvapil. Musikalische Leitung  Robin Ticciati, Inszenierung Kornél Mundruczó, Bühnenbild und Kostüme Monika Pormale, Video Rūdolfs Baltiņš, Licht Felice Ross, Choreographie Candaş Baş. Mit: Christiane Karg (Rusalka), Pavel Černoch (Prinz), Anna Samuil (Fremde Fürstin), Mika Kares (Wassermann), Anna Kissjudit (Jezibaba), Adam Kutny (Heger), Clara Nadeshdin (Küchenjunge), Regina Koncz , Rebecka Wallroth , Ekaterina Chayka-Rubinstein (drei Elfen), Taehan Kim (Jäger). Premiere am 4. Februar 2024.
