{"id":2127,"date":"2022-01-31T15:27:15","date_gmt":"2022-01-31T14:27:15","guid":{"rendered":"https:\/\/www.dahms-projekt.de\/wordpress\/wp-content\/uploads\/2022\/01\/antikrist1_3402mhf_LehmanSt_420x320-1.jpg"},"modified":"2022-01-31T15:27:27","modified_gmt":"2022-01-31T14:27:27","slug":"antikrist1_3402mhf_lehmanst_420x320-2","status":"inherit","type":"attachment","link":"https:\/\/www.dahms-projekt.de\/wordpress\/2022\/01\/31\/premiere-antikrist\/antikrist1_3402mhf_lehmanst_420x320-2\/","title":{"rendered":"antikrist1_3402mhf_LehmanSt_420x320"},"author":1,"featured_media":0,"comment_status":"closed","ping_status":"closed","template":"","meta":[],"class_list":["post-2127","attachment","type-attachment","status-inherit","hentry"],"description":{"rendered":"<p class=\"attachment\"><a href='https:\/\/www.dahms-projekt.de\/wordpress\/wp-content\/uploads\/2022\/01\/antikrist1_3402mhf_LehmanSt_420x320-1.jpg'><img loading=\"lazy\" decoding=\"async\" width=\"300\" height=\"229\" src=\"https:\/\/www.dahms-projekt.de\/wordpress\/wp-content\/uploads\/2022\/01\/antikrist1_3402mhf_LehmanSt_420x320-1-300x229.jpg\" class=\"attachment-medium size-medium\" alt=\"\" srcset=\"https:\/\/www.dahms-projekt.de\/wordpress\/wp-content\/uploads\/2022\/01\/antikrist1_3402mhf_LehmanSt_420x320-1-300x229.jpg 300w, https:\/\/www.dahms-projekt.de\/wordpress\/wp-content\/uploads\/2022\/01\/antikrist1_3402mhf_LehmanSt_420x320-1-150x114.jpg 150w, https:\/\/www.dahms-projekt.de\/wordpress\/wp-content\/uploads\/2022\/01\/antikrist1_3402mhf_LehmanSt_420x320-1.jpg 420w\" sizes=\"auto, (max-width: 300px) 100vw, 300px\" \/><\/a><\/p>\n"},"caption":{"rendered":""},"alt_text":"","media_type":"image","mime_type":"image\/jpeg","media_details":{"width":420,"height":320,"file":"2022\/01\/antikrist1_3402mhf_LehmanSt_420x320-1.jpg","sizes":{"medium":{"file":"antikrist1_3402mhf_LehmanSt_420x320-1-300x229.jpg","width":300,"height":229,"mime_type":"image\/jpeg","source_url":"https:\/\/www.dahms-projekt.de\/wordpress\/wp-content\/uploads\/2022\/01\/antikrist1_3402mhf_LehmanSt_420x320-1-300x229.jpg"},"thumbnail":{"file":"antikrist1_3402mhf_LehmanSt_420x320-1-150x114.jpg","width":150,"height":114,"mime_type":"image\/jpeg","source_url":"https:\/\/www.dahms-projekt.de\/wordpress\/wp-content\/uploads\/2022\/01\/antikrist1_3402mhf_LehmanSt_420x320-1-150x114.jpg"},"news-portal-block-medium":{"file":"antikrist1_3402mhf_LehmanSt_420x320-1-305x207.jpg","width":305,"height":207,"mime_type":"image\/jpeg","source_url":"https:\/\/www.dahms-projekt.de\/wordpress\/wp-content\/uploads\/2022\/01\/antikrist1_3402mhf_LehmanSt_420x320-1-305x207.jpg"},"news-portal-block-thumb":{"file":"antikrist1_3402mhf_LehmanSt_420x320-1-136x102.jpg","width":136,"height":102,"mime_type":"image\/jpeg","source_url":"https:\/\/www.dahms-projekt.de\/wordpress\/wp-content\/uploads\/2022\/01\/antikrist1_3402mhf_LehmanSt_420x320-1-136x102.jpg"},"news-portal-carousel-portrait":{"file":"antikrist1_3402mhf_LehmanSt_420x320-1-400x320.jpg","width":400,"height":320,"mime_type":"image\/jpeg","source_url":"https:\/\/www.dahms-projekt.de\/wordpress\/wp-content\/uploads\/2022\/01\/antikrist1_3402mhf_LehmanSt_420x320-1-400x320.jpg"},"news-portal-alternate-grid":{"file":"antikrist1_3402mhf_LehmanSt_420x320-1-340x316.jpg","width":340,"height":316,"mime_type":"image\/jpeg","source_url":"https:\/\/www.dahms-projekt.de\/wordpress\/wp-content\/uploads\/2022\/01\/antikrist1_3402mhf_LehmanSt_420x320-1-340x316.jpg"},"full":{"file":"antikrist1_3402mhf_LehmanSt_420x320-1.jpg","width":420,"height":320,"mime_type":"image\/jpeg","source_url":"https:\/\/www.dahms-projekt.de\/wordpress\/wp-content\/uploads\/2022\/01\/antikrist1_3402mhf_LehmanSt_420x320-1.jpg"}},"image_meta":{"aperture":"0","credit":"Thomas Aurin","camera":"","caption":"Deutsche Oper Berlin,\n\"Antichrist\" von Rued Langgaard\nUrauff\u00fchrung: 30.1.2022,\n\nMusikalische Leitung: Stephan Zilias, Inszenierung, B\u00fchne: Ersan Mondtag, Kost\u00fcme: Annika Lu Hermann, Ersan Mondtag, Licht: Rainer Casper, Ch\u00f6re: Jeremy Bines, Choreografie: Rob Fordeyn, Dramaturgie: Carolin M\u00fcller-Dohle\n\nLuzifer - Thomas Lehman\nGottes Stimme- Jonas Grundner-Culemann\nDas Echo der R\u00e4tselstimmung - Valeriia Savinskaia\nDie R\u00e4tselstimmung - Irene Roberts\nDer Mund, der gro\u00dfe Worte spricht - Clemens Bieber\nDer Missmut - Gina Perregrino\nDie gro\u00dfe Hure - Flurina Stucki\nDas Tier in Scharlach - AJ Glueckert\nDie L\u00fcge - Andrew Dickinson\nDer Hass - Jordan Shanahan\nEine Stimme - Thomas Lehman\n\nT\u00e4nzer*innen:\nAshley Wright, Joel Donald Small, Derrick Amanatidis, Giorgia Bovo, Vasna Felicia Aguilar, Yuri Shimaoka, Juan Corres Benito, Gy\u00f6rgy Jelinek, Shih-Ping Lin, Ulysse Zangs, Sakura Inoue, Ana Dordevic\n\nChor der Deutschen Oper Berlin\nOrchester der Deutschen Oper Berlin\n\rCopyright (C) Thomas Aurin\rGleditschstr. 45, D-10781 Berlin\rTel.:+49 (0)30 2175 6205 Mobil.:+49 (0)170 2933679\rVer\u00f6ffentlichung nur gegen Honorar zzgl. 7% MWSt. und Belegexemplar\rSteuer Nr.: 11\/18\/213\/52812, UID Nr.: DE 170 902 977\rCommerzbank, BLZ: 810 80 000, Konto-Nr.: 316 030 000\rSWIFT-BIC: DRES DE FF 810, IBAN: DE07 81080000 0316030000","created_timestamp":"0","copyright":"Copyright Thomas Aurin","focal_length":"0","iso":"0","shutter_speed":"0","title":"","orientation":"0","keywords":[]}},"post":2116,"source_url":"https:\/\/www.dahms-projekt.de\/wordpress\/wp-content\/uploads\/2022\/01\/antikrist1_3402mhf_LehmanSt_420x320-1.jpg","_links":{"self":[{"href":"https:\/\/www.dahms-projekt.de\/wordpress\/wp-json\/wp\/v2\/media\/2127","targetHints":{"allow":["GET"]}}],"collection":[{"href":"https:\/\/www.dahms-projekt.de\/wordpress\/wp-json\/wp\/v2\/media"}],"about":[{"href":"https:\/\/www.dahms-projekt.de\/wordpress\/wp-json\/wp\/v2\/types\/attachment"}],"author":[{"embeddable":true,"href":"https:\/\/www.dahms-projekt.de\/wordpress\/wp-json\/wp\/v2\/users\/1"}],"wp:attached-to":[{"embeddable":true,"post_type":"post","id":2116,"href":"https:\/\/www.dahms-projekt.de\/wordpress\/wp-json\/wp\/v2\/posts\/2116"}],"curies":[{"name":"wp","href":"https:\/\/api.w.org\/{rel}","templated":true}]}}

Deutsche Oper Berlin,
"Antichrist" von Rued Langgaard
Uraufführung: 30.1.2022,

Musikalische Leitung: Stephan Zilias, Inszenierung, Bühne: Ersan Mondtag, Kostüme: Annika Lu Hermann, Ersan Mondtag, Licht: Rainer Casper, Chöre: Jeremy Bines, Choreografie: Rob Fordeyn, Dramaturgie: Carolin Müller-Dohle

Luzifer - Thomas Lehman
Gottes Stimme- Jonas Grundner-Culemann
Das Echo der Rätselstimmung - Valeriia Savinskaia
Die Rätselstimmung - Irene Roberts
Der Mund, der große Worte spricht - Clemens Bieber
Der Missmut - Gina Perregrino
Die große Hure - Flurina Stucki
Das Tier in Scharlach - AJ Glueckert
Die Lüge - Andrew Dickinson
Der Hass - Jordan Shanahan
Eine Stimme - Thomas Lehman

Tänzer*innen:
Ashley Wright, Joel Donald Small, Derrick Amanatidis, Giorgia Bovo, Vasna Felicia Aguilar, Yuri Shimaoka, Juan Corres Benito, György Jelinek, Shih-Ping Lin, Ulysse Zangs, Sakura Inoue, Ana Dordevic

Chor der Deutschen Oper Berlin
Orchester der Deutschen Oper Berlin
Copyright (C) Thomas AurinGleditschstr. 45, D-10781 BerlinTel.:+49 (0)30 2175 6205 Mobil.:+49 (0)170 2933679Veröffentlichung nur gegen Honorar zzgl. 7% MWSt. und BelegexemplarSteuer Nr.: 11/18/213/52812, UID Nr.: DE 170 902 977Commerzbank, BLZ: 810 80 000, Konto-Nr.: 316 030 000SWIFT-BIC: DRES DE FF 810, IBAN: DE07 81080000 0316030000
